{"id":12446,"date":"2025-11-23T12:18:17","date_gmt":"2025-11-23T12:18:17","guid":{"rendered":"https:\/\/moroccodreamvoyage.com\/?post_type=product&#038;p=12446"},"modified":"2026-02-01T12:43:05","modified_gmt":"2026-02-01T12:43:05","slug":"marrakech-agafay-desert-quad-adventure-with-hotel-pickup","status":"publish","type":"product","link":"https:\/\/moroccodreamvoyage.com\/tours\/marrakech-agafay-desert-quad-adventure-with-hotel-pickup","title":{"rendered":"Marrakech: Quad-Abenteuer in der Agafay-W\u00fcste mit Hotelabholung"},"content":{"rendered":"<p data-start=\"469\" data-end=\"756\">Starten Sie zu einem aufregenden 2-st\u00fcndigen Quad-Abenteuer durch die beeindruckende Agafay-W\u00fcste. Genie\u00dfen Sie eine landschaftlich sch\u00f6ne Fahrt ab Marrakesch, fahren Sie mit einem erfahrenen Guide \u00fcber felsige D\u00fcnen, machen Sie unvergessliche Fotos und beenden Sie das Erlebnis mit einer entspannten Pause in einem traditionellen Nomadenzelt bei marokkanischem Minztee.<\/p>\n<p data-start=\"758\" data-end=\"900\">Dieses Erlebnis verbindet Adrenalin, Landschaft und Kultur \u2013 perfekt f\u00fcr Reisende, die einen authentischen W\u00fcstenausflug ganz in der N\u00e4he von Marrakesch suchen.<\/p>\n<h3 data-start=\"902\" data-end=\"927\">\u00dcber dieses Erlebnis<\/h3>\n<p data-start=\"929\" data-end=\"1288\">\ud83d\udd52 <strong data-start=\"932\" data-end=\"945\">Dauer:<\/strong> 4 Stunden<br data-start=\"953\" data-end=\"956\" \/>\ud83d\udcb3 <strong data-start=\"959\" data-end=\"983\">Jetzt buchen, sp\u00e4ter zahlen<\/strong> Reservieren Sie heute und zahlen Sie erst sp\u00e4ter.<br data-start=\"1026\" data-end=\"1029\" \/>\u274c <strong data-start=\"1031\" data-end=\"1053\">Kostenlose Stornierung:<\/strong> Bis zu 24 Stunden im Voraus.<br data-start=\"1080\" data-end=\"1083\" \/>\ud83d\udde3\ufe0f <strong data-start=\"1087\" data-end=\"1111\">Verf\u00fcgbare Sprachen:<\/strong> Arabisch, Englisch, Franz\u00f6sisch<br data-start=\"1135\" data-end=\"1138\" \/>\ud83d\ude90 <strong data-start=\"1141\" data-end=\"1161\">Abholung inklusive:<\/strong> \u00dcberall im Stadtzentrum von Marrakesch (innerhalb der ausgewiesenen Zone).<br data-start=\"1225\" data-end=\"1228\" \/>\ud83d\udce9 Kontakt: Sie werden am Tag vor der Tour per WhatsApp kontaktiert.<\/p>\n<h3 data-start=\"1290\" data-end=\"1306\">\u2b50 Highlights<\/h3>\n<ul data-start=\"1308\" data-end=\"1611\">\n<li data-start=\"1308\" data-end=\"1373\">\n<p data-start=\"1310\" data-end=\"1373\">Fahren Sie mit einem Quad durch die felsigen D\u00fcnen der Agafay-W\u00fcste.<\/p>\n<\/li>\n<li data-start=\"1374\" data-end=\"1439\">\n<p data-start=\"1376\" data-end=\"1439\">Genie\u00dfen Sie den wundersch\u00f6nen Blick auf das Atlasgebirge in der Ferne.<\/p>\n<\/li>\n<li data-start=\"1440\" data-end=\"1496\">\n<p data-start=\"1442\" data-end=\"1496\">Legen Sie Fotostopps ein und ziehen Sie Muster in den Sandd\u00fcnen.<\/p>\n<\/li>\n<li data-start=\"1497\" data-end=\"1567\">\n<p data-start=\"1499\" data-end=\"1567\">Entspannen Sie sich in einem traditionellen Nomadenzelt bei kostenlosem Minztee.<\/p>\n<\/li>\n<li data-start=\"1568\" data-end=\"1611\">\n<p data-start=\"1570\" data-end=\"1611\">Hin- und R\u00fccktransport vom Hotel inklusive.<\/p>\n<\/li>\n<\/ul>\n<hr data-start=\"1613\" data-end=\"1616\" \/>\n<h3 data-start=\"1618\" data-end=\"1641\">\ud83d\udccc Vollst\u00e4ndige Beschreibung<\/h3>\n<p data-start=\"1643\" data-end=\"1901\">Ihr Abenteuer beginnt mit einer bequemen Abholung von Ihrem Hotel oder dem n\u00e4chstgelegenen zug\u00e4nglichen Punkt in Marrakesch. Auf dem Weg aus der Stadt genie\u00dfen Sie eine angenehme Fahrt vorbei am lebhaften Jemaa-el-Fna-Platz und durch das Viertel M\u2019hamid in der N\u00e4he des Flughafens von Marrakesch.<\/p>\n<p data-start=\"1903\" data-end=\"2020\">Nach etwa 45 Minuten erreichen Sie die Quad-Basis, wo Sie Helm, Schutzbrille und eine Sicherheitseinweisung erhalten.<\/p>\n<p data-start=\"2022\" data-end=\"2265\">Anschlie\u00dfend folgen Sie Ihrem erfahrenen Guide zu einer spannenden <strong data-start=\"2069\" data-end=\"2089\">2-st\u00fcndigen Quad-Fahrt<\/strong> durch die beeindruckenden D\u00fcnen und felsigen Landschaften der Agafay-W\u00fcste. Unterwegs legen Sie Stopps f\u00fcr unvergessliche Fotos vor der weiten W\u00fcstenkulisse und dem fernen Atlasgebirge ein.<\/p>\n<p data-start=\"2267\" data-end=\"2559\">Nach Abschluss der Fahrt kehren Sie zur Basis zur\u00fcck, wo ein Luftgebl\u00e4se den W\u00fcstenstaub von Ihrer Kleidung entfernt. Danach entspannen Sie sich in einem traditionellen Nomadenzelt bei einem erfrischenden Glas Minztee, bevor Ihr Fahrer Sie zur\u00fcck zu Ihrem Hotel bringt \u2013 und Ihr W\u00fcstenausflug perfekt endet.<\/p>\n<hr data-start=\"2561\" data-end=\"2564\" \/>\n<h3 data-start=\"2566\" data-end=\"2580\">\u2705 Inklusive<\/h3>\n<ul data-start=\"2582\" data-end=\"2702\">\n<li data-start=\"2582\" data-end=\"2611\">\n<p data-start=\"2584\" data-end=\"2611\">Hotelabholung und R\u00fccktransfer<\/p>\n<\/li>\n<li data-start=\"2612\" data-end=\"2632\">\n<p data-start=\"2614\" data-end=\"2632\">Quad-Tour<\/p>\n<\/li>\n<li data-start=\"2633\" data-end=\"2655\">\n<p data-start=\"2635\" data-end=\"2655\">Professioneller Guide<\/p>\n<\/li>\n<li data-start=\"2656\" data-end=\"2666\">\n<p data-start=\"2658\" data-end=\"2666\">Helm<\/p>\n<\/li>\n<li data-start=\"2667\" data-end=\"2689\">\n<p data-start=\"2669\" data-end=\"2689\">Schutzbrille<\/p>\n<\/li>\n<li data-start=\"2690\" data-end=\"2702\">\n<p data-start=\"2692\" data-end=\"2702\">Minztee<\/p>\n<\/li>\n<\/ul>\n<h3 data-start=\"2704\" data-end=\"2722\">\u274c Nicht inklusive<\/h3>\n<ul data-start=\"2724\" data-end=\"2781\">\n<li data-start=\"2724\" data-end=\"2732\">\n<p data-start=\"2726\" data-end=\"2732\">Essen<\/p>\n<\/li>\n<li data-start=\"2733\" data-end=\"2753\">\n<p data-start=\"2735\" data-end=\"2753\">Alkoholische Getr\u00e4nke<\/p>\n<\/li>\n<li data-start=\"2754\" data-end=\"2781\">\n<p data-start=\"2756\" data-end=\"2781\">Privates Shuttle-Upgrade<\/p>\n<\/li>\n<\/ul>","protected":false},"excerpt":{"rendered":"<p>Experience the thrill of a <strong>quad adventure in the Agafay Desert<\/strong> with hotel pickup from Marrakech. Ride across rocky dunes, enjoy panoramic views of the Atlas Mountains, take photo breaks, and relax with mint tea in a traditional nomad tent before returning to the city.<\/p>","protected":false},"featured_media":12451,"comment_status":"open","ping_status":"closed","template":"","meta":[],"product_brand":[],"product_cat":[],"product_tag":[],"class_list":{"0":"post-12446","1":"product","2":"type-product","3":"status-publish","4":"has-post-thumbnail","6":"tour_phys-river-cruise","7":"pa_destination-marrakech","9":"first","10":"instock","11":"featured","12":"shipping-taxable","13":"purchasable","14":"product-type-tour_phys"},"_links":{"self":[{"href":"https:\/\/moroccodreamvoyage.com\/deutsh\/wp-json\/wp\/v2\/product\/12446","targetHints":{"allow":["GET"]}}],"collection":[{"href":"https:\/\/moroccodreamvoyage.com\/deutsh\/wp-json\/wp\/v2\/product"}],"about":[{"href":"https:\/\/moroccodreamvoyage.com\/deutsh\/wp-json\/wp\/v2\/types\/product"}],"replies":[{"embeddable":true,"href":"https:\/\/moroccodreamvoyage.com\/deutsh\/wp-json\/wp\/v2\/comments?post=12446"}],"wp:featuredmedia":[{"embeddable":true,"href":"https:\/\/moroccodreamvoyage.com\/deutsh\/wp-json\/wp\/v2\/media\/12451"}],"wp:attachment":[{"href":"https:\/\/moroccodreamvoyage.com\/deutsh\/wp-json\/wp\/v2\/media?parent=12446"}],"wp:term":[{"taxonomy":"product_brand","embeddable":true,"href":"https:\/\/moroccodreamvoyage.com\/deutsh\/wp-json\/wp\/v2\/product_brand?post=12446"},{"taxonomy":"product_cat","embeddable":true,"href":"https:\/\/moroccodreamvoyage.com\/deutsh\/wp-json\/wp\/v2\/product_cat?post=12446"},{"taxonomy":"product_tag","embeddable":true,"href":"https:\/\/moroccodreamvoyage.com\/deutsh\/wp-json\/wp\/v2\/product_tag?post=12446"}],"curies":[{"name":"wp","href":"https:\/\/api.w.org\/{rel}","templated":true}]}}