{"id":12405,"date":"2025-11-15T20:54:27","date_gmt":"2025-11-15T20:54:27","guid":{"rendered":"https:\/\/moroccodreamvoyage.com\/?post_type=product&#038;p=12405"},"modified":"2025-11-15T20:55:48","modified_gmt":"2025-11-15T20:55:48","slug":"from-tangier-day-trip-to-tetouan-with-a-local-guide-2","status":"publish","type":"product","link":"https:\/\/moroccodreamvoyage.com\/tours\/from-tangier-day-trip-to-tetouan-with-a-local-guide-2","title":{"rendered":"Von Tanger: Tagesausflug nach T\u00e9touan mit einem lokalen Reisef\u00fchrer"},"content":{"rendered":"<p data-start=\"338\" data-end=\"624\">Entdecke den kulturellen Reichtum Nordmarokkos bei diesem ganzt\u00e4gigen, gef\u00fchrten Ausflug von Tanger nach T\u00e9touan. Erkunde die UNESCO-gesch\u00fctzte Altstadt von T\u00e9touan, schlendere durch die lebendigen Stadtviertel und tauche ein in eine Stadt, in der andalusisches Erbe und marokkanische Tradition nahtlos verschmelzen.<\/p>\n<p data-start=\"626\" data-end=\"747\">Dieses Erlebnis ist ideal f\u00fcr Reisende, die Authentizit\u00e4t, Architektur und Geschichte suchen \u2013 alles an einem bereichernden Tagesausflug.<\/p>\n<h3 data-start=\"749\" data-end=\"778\"><strong data-start=\"753\" data-end=\"778\">\u00dcber dieses Erlebnis<\/strong><\/h3>\n<p data-start=\"779\" data-end=\"1204\">\ud83d\udd52 <strong data-start=\"782\" data-end=\"795\">Dauer:<\/strong> 5.5 hours<br data-start=\"805\" data-end=\"808\" \/>\ud83d\udcb3 <strong data-start=\"811\" data-end=\"835\">Jetzt buchen, sp\u00e4ter zahlen<\/strong> Sichere dir noch heute deinen Platz und zahle erst sp\u00e4ter.<br data-start=\"884\" data-end=\"887\" \/>\u274c <strong data-start=\"889\" data-end=\"911\">Kostenlose Stornierung:<\/strong> Storniere bis zu 24 Stunden vor der Tour f\u00fcr eine volle R\u00fcckerstattung<br data-start=\"968\" data-end=\"971\" \/>\ud83d\ude90 <strong data-start=\"974\" data-end=\"994\">Abholung inklusive:<\/strong> Abholung von deiner Unterkunft oder den vereinbarten Treffpunkten in Tanger.<br data-start=\"1058\" data-end=\"1061\" \/>\ud83d\udcac <strong data-start=\"1064\" data-end=\"1090\">Guided Tour Languages:<\/strong> English, Spanish, French, Arabic<br data-start=\"1123\" data-end=\"1126\" \/>\ud83d\udcde Das Team wird jeden Reisenden einen Tag vor der Tour \u00fcber WhatsApp kontaktieren.<\/p>\n<hr data-start=\"1206\" data-end=\"1209\" \/>\n<h3 data-start=\"1211\" data-end=\"1231\">\u2b50 <strong data-start=\"1217\" data-end=\"1231\">H\u00f6hepunkte<\/strong><\/h3>\n<ul data-start=\"1232\" data-end=\"1690\">\n<li data-start=\"1232\" data-end=\"1284\">\n<p data-start=\"1234\" data-end=\"1284\">Erkunde T\u00e9touan bei einem Ganztagesausflug ab Tanger.<\/p>\n<\/li>\n<li data-start=\"1285\" data-end=\"1382\">\n<p data-start=\"1287\" data-end=\"1382\">Entdecken Sie <strong data-start=\"1297\" data-end=\"1329\">UNESCO-gesch\u00fctzte Medina von T\u00e9touan,<\/strong>eines der am besten erhaltenen historischen Zentren Marokkos.<\/p>\n<\/li>\n<li data-start=\"1383\" data-end=\"1469\">\n<p data-start=\"1385\" data-end=\"1469\">Discover the <strong data-start=\"1398\" data-end=\"1422\">King\u2019s Palace Square<\/strong> and the historic <strong data-start=\"1440\" data-end=\"1466\">Jewish Mellah district<\/strong>.<\/p>\n<\/li>\n<li data-start=\"1470\" data-end=\"1546\">\n<p data-start=\"1472\" data-end=\"1546\">Schlendere durch Souks, andalusisch gepr\u00e4gte Gassen und lebhafte lokale M\u00e4rkte.<\/p>\n<\/li>\n<li data-start=\"1547\" data-end=\"1622\">\n<p data-start=\"1549\" data-end=\"1622\">Genie\u00dfe eine bequeme Hin- und R\u00fcckfahrt mit einem professionellen Fahrer.<\/p>\n<\/li>\n<li data-start=\"1623\" data-end=\"1690\">\n<p data-start=\"1625\" data-end=\"1690\">Profitiere von Abholung und R\u00fcckfahrt an verschiedenen Orten in Tanger.<\/p>\n<\/li>\n<\/ul>\n<hr data-start=\"1692\" data-end=\"1695\" \/>\n<h3 data-start=\"1697\" data-end=\"1724\">\ud83d\udccc <strong data-start=\"1704\" data-end=\"1724\">Vollst\u00e4ndige Beschreibung<\/strong><\/h3>\n<p data-start=\"1725\" data-end=\"1881\">Beginne deine kulturelle Reise mit der Abholung von deinem Hotel in Tanger und fahre in einem modernen, klimatisierten Minibus mit einem mehrsprachigen, professionellen Fahrer.<\/p>\n<p data-start=\"1883\" data-end=\"2261\">Nach der Ankunft in T\u00e9touan genie\u00dfe eine <strong data-start=\"1916\" data-end=\"1939\">gef\u00fchrte Wanderung<\/strong> durch die bemerkenswert gut erhaltene Medina \u2014 ein bezauberndes Labyrinth aus engen Gassen, andalusischer Architektur, traditionellen Werkst\u00e4tten und lebhaften Souks. Dein Guide f\u00fchrt dich zu wichtigen kulturellen Sehensw\u00fcrdigkeiten, darunter das <strong data-start=\"2159\" data-end=\"2184\">Arch\u00e4ologische Museum<\/strong>, das alte <strong data-start=\"2194\" data-end=\"2211\">j\u00fcdische Mellah<\/strong>, das spanische Viertel und die lebhaften lokalen M\u00e4rkte.<\/p>\n<p data-start=\"2263\" data-end=\"2378\">Nach deinem Besuch und etwas Freizeit f\u00fcr Mittagessen oder Shopping kehrst du am sp\u00e4ten Nachmittag bequem nach Tanger zur\u00fcck.<\/p>\n<hr data-start=\"2380\" data-end=\"2383\" \/>\n<h3 data-start=\"2385\" data-end=\"2403\">\u2705 <strong data-start=\"2391\" data-end=\"2403\">Inbegriffen<\/strong><\/h3>\n<ul data-start=\"2404\" data-end=\"2584\">\n<li data-start=\"2404\" data-end=\"2433\">\n<p data-start=\"2406\" data-end=\"2433\">Hotelabholung und R\u00fccktransfer<\/p>\n<\/li>\n<li data-start=\"2434\" data-end=\"2468\">\n<p data-start=\"2436\" data-end=\"2468\">Moderner, klimatisierter Minibus<\/p>\n<\/li>\n<li data-start=\"2469\" data-end=\"2511\">\n<p data-start=\"2471\" data-end=\"2511\">Professioneller regionaler Guide in T\u00e9touan<\/p>\n<\/li>\n<li data-start=\"2512\" data-end=\"2528\">\n<p data-start=\"2514\" data-end=\"2528\">Parkgeb\u00fchren<\/p>\n<\/li>\n<li data-start=\"2529\" data-end=\"2554\">\n<p data-start=\"2531\" data-end=\"2554\">Mineralwasser in Flaschen<\/p>\n<\/li>\n<li data-start=\"2555\" data-end=\"2569\">\n<p data-start=\"2557\" data-end=\"2569\">Kostenloses WLAN<\/p>\n<\/li>\n<li data-start=\"2570\" data-end=\"2584\">\n<p data-start=\"2572\" data-end=\"2584\">Kleines Geschenk<\/p>\n<\/li>\n<\/ul>\n<h3 data-start=\"2586\" data-end=\"2608\">\u274c <strong data-start=\"2592\" data-end=\"2608\">Nicht enthalten<\/strong><\/h3>\n<ul data-start=\"2609\" data-end=\"2618\">\n<li data-start=\"2609\" data-end=\"2618\">\n<p data-start=\"2611\" data-end=\"2618\">Mittagessen<\/p>\n<\/li>\n<\/ul>\n<hr data-start=\"2620\" data-end=\"2623\" \/>\n<h3 data-start=\"2625\" data-end=\"2651\">\u2757 <strong data-start=\"2631\" data-end=\"2651\">Nicht geeignet f\u00fcr:<\/strong><\/h3>\n<ul data-start=\"2652\" data-end=\"2801\">\n<li data-start=\"2652\" data-end=\"2687\">\n<p data-start=\"2654\" data-end=\"2687\">Reisende mit eingeschr\u00e4nkter Mobilit\u00e4t<\/p>\n<\/li>\n<li data-start=\"2688\" data-end=\"2716\">\n<p data-start=\"2690\" data-end=\"2716\">Personen \u00fcber 80 Jahre<\/p>\n<\/li>\n<li data-start=\"2717\" data-end=\"2762\">\n<p data-start=\"2719\" data-end=\"2762\">Reisende mit ernsthaften gesundheitlichen Problemen<\/p>\n<\/li>\n<li data-start=\"2763\" data-end=\"2801\">\n<p data-start=\"2765\" data-end=\"2801\">Personen mit geringer k\u00f6rperlicher Fitness<\/p>\n<\/li>\n<\/ul>\n<hr data-start=\"2803\" data-end=\"2806\" \/>\n<h3 data-start=\"2808\" data-end=\"2840\">\u2139\ufe0f <strong data-start=\"2815\" data-end=\"2840\">Wichtige Informationen<\/strong><\/h3>\n<p data-start=\"2841\" data-end=\"3028\"><strong data-start=\"2841\" data-end=\"2851\">Mitbringen:<\/strong> Bequeme Schuhe, bequeme Kleidung<br data-start=\"2891\" data-end=\"2894\" \/><strong data-start=\"2894\" data-end=\"2910\">Nicht erlaubt:<\/strong> Haustiere, Rauchen, E-Zigaretten im Fahrzeug<br data-start=\"2957\" data-end=\"2960\" \/><strong data-start=\"2960\" data-end=\"2969\">Hinweis:<\/strong> Bitte gib eine g\u00fcltige WhatsApp-Nummer an, um die Abholung zu organisieren.<\/p>","protected":false},"excerpt":{"rendered":"<p>Discover the cultural charm of <strong>Tetouan<\/strong> on a full-day excursion from <strong>Tangier<\/strong>. Enjoy pickup from your hotel or port and travel in a modern minibus. Explore the <strong>UNESCO-gesch\u00fctzte Medina von T\u00e9touan,<\/strong> with a local guide, wander through Andalusian-style alleys, visit historic districts, and experience the city\u2019s deep-rooted heritage. After free time for lunch and shopping, return comfortably to Tangier. A perfect cultural getaway in northern Morocco.<\/p>","protected":false},"featured_media":12404,"comment_status":"open","ping_status":"closed","template":"","meta":[],"product_brand":[],"product_cat":[],"product_tag":[],"class_list":{"0":"post-12405","1":"product","2":"type-product","3":"status-publish","4":"has-post-thumbnail","6":"tour_phys-river-cruise","7":"pa_destination-tetouan","9":"first","10":"instock","11":"featured","12":"shipping-taxable","13":"purchasable","14":"product-type-tour_phys"},"_links":{"self":[{"href":"https:\/\/moroccodreamvoyage.com\/deutsh\/wp-json\/wp\/v2\/product\/12405","targetHints":{"allow":["GET"]}}],"collection":[{"href":"https:\/\/moroccodreamvoyage.com\/deutsh\/wp-json\/wp\/v2\/product"}],"about":[{"href":"https:\/\/moroccodreamvoyage.com\/deutsh\/wp-json\/wp\/v2\/types\/product"}],"replies":[{"embeddable":true,"href":"https:\/\/moroccodreamvoyage.com\/deutsh\/wp-json\/wp\/v2\/comments?post=12405"}],"wp:featuredmedia":[{"embeddable":true,"href":"https:\/\/moroccodreamvoyage.com\/deutsh\/wp-json\/wp\/v2\/media\/12404"}],"wp:attachment":[{"href":"https:\/\/moroccodreamvoyage.com\/deutsh\/wp-json\/wp\/v2\/media?parent=12405"}],"wp:term":[{"taxonomy":"product_brand","embeddable":true,"href":"https:\/\/moroccodreamvoyage.com\/deutsh\/wp-json\/wp\/v2\/product_brand?post=12405"},{"taxonomy":"product_cat","embeddable":true,"href":"https:\/\/moroccodreamvoyage.com\/deutsh\/wp-json\/wp\/v2\/product_cat?post=12405"},{"taxonomy":"product_tag","embeddable":true,"href":"https:\/\/moroccodreamvoyage.com\/deutsh\/wp-json\/wp\/v2\/product_tag?post=12405"}],"curies":[{"name":"wp","href":"https:\/\/api.w.org\/{rel}","templated":true}]}}