{"id":12296,"date":"2025-11-03T21:20:03","date_gmt":"2025-11-03T21:20:03","guid":{"rendered":"https:\/\/moroccodreamvoyage.com\/?post_type=product&#038;p=12296"},"modified":"2025-11-03T21:54:19","modified_gmt":"2025-11-03T21:54:19","slug":"marrakech-agafay-desert-quad-adventure-camel-ride-dinner-show","status":"publish","type":"product","link":"https:\/\/moroccodreamvoyage.com\/tours\/marrakech-agafay-desert-quad-adventure-camel-ride-dinner-show","title":{"rendered":"Marrakech: Quad-Abenteuer in der Agafay-W\u00fcste, Kamelritt &amp; Dinner-Show"},"content":{"rendered":"<div id=\"short-description-adp-container\" class=\"z-layout\" data-v-0b7c83c8=\"\">\n<p data-start=\"310\" data-end=\"622\">Erleben Sie die Magie der <strong data-start=\"338\" data-end=\"355\">Agafay-W\u00fcste<\/strong> on this unforgettable evening adventure from Marrakech!<br data-start=\"411\" data-end=\"414\" \/>Fahren Sie <strong data-start=\"421\" data-end=\"434\">mit dem Quad durch<\/strong> die felsige W\u00fcste <strong data-start=\"468\" data-end=\"492\">genie\u00dfen Sie einen Kamelritt<\/strong>bei Sonnenuntergang und beenden Sie den Tag mit einem <strong data-start=\"517\" data-end=\"564\">traditionellen marokkanischen Abendessen unter dem Sternenhimmel,<\/strong> gefolgt von <strong data-start=\"579\" data-end=\"614\">einer faszinierenden Feuer- und Musikshow<\/strong>. \ud83d\udd25\ud83c\udfb6<\/p>\n<p data-start=\"624\" data-end=\"795\">Ob Sie Abenteuer, Kultur oder pure Entspannung suchen \u2014 diese Tour bietet die perfekte Mischung aus Nervenkitzel und Authentizit\u00e4t, nur eine kurze Fahrt von Marrakesch entfernt.<\/p>\n<h3 data-start=\"802\" data-end=\"831\"><strong data-start=\"806\" data-end=\"831\">\u00dcber dieses Erlebnis<\/strong><\/h3>\n<p data-start=\"833\" data-end=\"859\">\ud83d\udd50 <strong data-start=\"836\" data-end=\"849\">Dauer:<\/strong> 6 Stunden<\/p>\n<p data-start=\"861\" data-end=\"948\">\ud83d\udcb3 <strong data-start=\"864\" data-end=\"887\">Jetzt buchen, sp\u00e4ter zahlen<\/strong> \u2014 Reservieren Sie noch heute Ihren Platz und zahlen Sie erst bei Ihrer Tour.<\/p>\n<p data-start=\"950\" data-end=\"1028\">\u274c <strong data-start=\"952\" data-end=\"974\">Kostenlose Stornierung:<\/strong> Bis zu 24 Stunden im Voraus f\u00fcr eine vollst\u00e4ndige R\u00fcckerstattung.<\/p>\n<p data-start=\"1030\" data-end=\"1130\">\ud83d\ude90 <strong data-start=\"1033\" data-end=\"1055\">Abholung &amp; R\u00fcckgabe:<\/strong> Von Ihrem Hotel, Riad oder dem n\u00e4chstgelegenen zug\u00e4nglichen Treffpunkt in Marrakesch.<\/p>\n<p data-start=\"1132\" data-end=\"1219\">\ud83d\udcac <strong data-start=\"1135\" data-end=\"1159\">Verf\u00fcgbare Sprachen:<\/strong> Arabisch, Englisch, Franz\u00f6sisch, Spanisch, Italienisch, Deutsch, Niederl\u00e4ndisch.<\/p>\n<p data-start=\"1221\" data-end=\"1284\">\u267f <strong data-start=\"1223\" data-end=\"1249\">Rollstuhlgerecht:<\/strong> Ja, geeignet f\u00fcr alle Reisenden.<\/p>\n<p data-start=\"1286\" data-end=\"1361\">\u2b50 <strong data-start=\"1288\" data-end=\"1305\">Sehr gut bewertet:<\/strong> 4,9 \/ 5 Sterne \u2014 basierend auf \u00fcber 2.500 verifizierten Bewertungen!<\/p>\n<h3 data-start=\"1368\" data-end=\"1386\"><strong data-start=\"1372\" data-end=\"1386\">H\u00f6hepunkte<\/strong><\/h3>\n<p data-start=\"1388\" data-end=\"1894\">\u2705 <strong data-start=\"1390\" data-end=\"1423\">Aufregendes Quad-Abenteuer<\/strong> durch die Agafay-W\u00fcste.<br data-start=\"1450\" data-end=\"1453\" \/>\ud83d\udc2a <strong data-start=\"1456\" data-end=\"1480\">Kamelritt bei Sonnenuntergang<\/strong> \u2014 genie\u00dfen Sie atemberaubende W\u00fcstenblicke.<br data-start=\"1513\" data-end=\"1516\" \/>\ud83c\udf7d\ufe0f <strong data-start=\"1520\" data-end=\"1548\">3-G\u00e4nge-marokkanisches Abendessen<\/strong> unter den Sternen (Tajine, Couscous, Harira).<br data-start=\"1592\" data-end=\"1595\" \/>\ud83c\udfb6 <strong data-start=\"1598\" data-end=\"1621\">Live-marokkanische Musik<\/strong> und <strong data-start=\"1626\" data-end=\"1651\">traditionelle Feuershow<\/strong> im W\u00fcstencamp.<br data-start=\"1671\" data-end=\"1674\" \/>\ud83c\udf04 Atemberaubende Fotostopps mit Blick auf das <strong data-start=\"1720\" data-end=\"1739\">Atlasgebirge.<\/strong>.<br data-start=\"1740\" data-end=\"1743\" \/>\ud83d\ude90 <strong data-start=\"1746\" data-end=\"1775\">Komfortabler Transport mit Klimaanlage und<\/strong> professionellem lokalem Guide.<br data-start=\"1805\" data-end=\"1808\" \/>\ud83c\udf3f Erleben Sie die herzliche <strong data-start=\"1836\" data-end=\"1860\">marokkanische Gastfreundschaft<\/strong> in authentischer W\u00fcstenatmosph\u00e4re.<\/p>\n<h3 data-start=\"1901\" data-end=\"1917\"><strong data-start=\"1905\" data-end=\"1917\">Inklusive<\/strong><\/h3>\n<p data-start=\"1919\" data-end=\"2288\">\u2705 Abholung und R\u00fccktransfer vom Hotel oder Riad<br data-start=\"1954\" data-end=\"1957\" \/>\u2705 Transport im klimatisierten Minibus<br data-start=\"1997\" data-end=\"2000\" \/>\u2705 Professioneller lokaler Guide<br data-start=\"2026\" data-end=\"2029\" \/>\u2705 Flaschenwasser<br data-start=\"2044\" data-end=\"2047\" \/>\u2705 30-min\u00fctige <strong data-start=\"2059\" data-end=\"2093\">Quadfahrt (Doppel-Quad, geteilt)<\/strong><br data-start=\"2093\" data-end=\"2096\" \/>\u2705 20-min\u00fctiger <strong data-start=\"2108\" data-end=\"2122\">Kamelritt<\/strong><br data-start=\"2122\" data-end=\"2125\" \/>\u2705 <strong data-start=\"2127\" data-end=\"2155\">3-G\u00e4nge-marokkanisches Abendessen<\/strong> (Tajine, Couscous, Harira-Suppe)<br data-start=\"2187\" data-end=\"2190\" \/>\u2705 Marokkanische <strong data-start=\"2201\" data-end=\"2236\">Live-Musik und Feuershow<\/strong><br data-start=\"2236\" data-end=\"2239\" \/>\u2705 Minztee und Snacks<br data-start=\"2260\" data-end=\"2263\" \/>\u2705 Vollst\u00e4ndige Reiseversicherung<\/p>\n<p data-start=\"2290\" data-end=\"2350\">\u274c <em data-start=\"2292\" data-end=\"2307\">Nicht enthalten:<\/em> Trinkgelder, zus\u00e4tzliche Getr\u00e4nke oder pers\u00f6nliche Ausgaben<\/p>\n<h3 data-start=\"2357\" data-end=\"2378\"><strong data-start=\"2361\" data-end=\"2378\">Treffpunkt<\/strong><\/h3>\n<p data-start=\"2380\" data-end=\"2806\">\ud83d\udccd Kostenlose Abholung ist von Ihrem <strong data-start=\"2418\" data-end=\"2464\">Hotel, Airbnb oder dem n\u00e4chstgelegenen zug\u00e4nglichen Punkt zu<\/strong> Ihrem Riad m\u00f6glich.<br data-start=\"2478\" data-end=\"2481\" \/>Ihr Guide kontaktiert Sie <strong data-start=\"2509\" data-end=\"2544\">am Abend zuvor (gegen 22:00 Uhr)<\/strong> per WhatsApp oder E-Mail, um die Abholdetails zu best\u00e4tigen.<br data-start=\"2598\" data-end=\"2601\" \/>Bei Last-Minute-Buchungen erhalten Sie Ihre Best\u00e4tigung sp\u00e4testens <strong data-start=\"2668\" data-end=\"2695\">2 Stunden vor<\/strong> der Tour.<br data-start=\"2705\" data-end=\"2708\" \/>Bitte seien Sie <strong data-start=\"2724\" data-end=\"2759\">5 Minuten vor der Abfahrtszeit bereit<\/strong> und zeigen Sie dem Fahrer Ihren Buchungsgutschein vor.<\/p>\n<h3 data-start=\"2813\" data-end=\"2842\"><strong data-start=\"2817\" data-end=\"2842\">Wichtige Informationen<\/strong><\/h3>\n<p data-start=\"2844\" data-end=\"3331\">\ud83d\udc55 Tragen <strong data-start=\"2852\" data-end=\"2875\">Sie bequeme Kleidung<\/strong>, <strong data-start=\"2877\" data-end=\"2893\">geschlossene Schuhe<\/strong>und <strong data-start=\"2899\" data-end=\"2913\">eine Sonnenbrille.<\/strong>.<br data-start=\"2914\" data-end=\"2917\" \/>\u2600\ufe0f Bringen <strong data-start=\"2926\" data-end=\"2939\">Sie Sonnenschutz mit<\/strong> \u2014 die W\u00fcste kann auch zum Sonnenuntergang noch hell sein!<br data-start=\"2983\" data-end=\"2986\" \/>\ud83d\udcde <strong data-start=\"2989\" data-end=\"3013\">Kundenservice 7\/7<\/strong> f\u00fcr alle Fragen.<br data-start=\"3032\" data-end=\"3035\" \/>\ud83d\udde3\ufe0f <strong data-start=\"3039\" data-end=\"3075\">Professionelle mehrsprachige Guides<\/strong> f\u00fcr Ihren Komfort und Ihr Verst\u00e4ndnis.<br data-start=\"3111\" data-end=\"3114\" \/>\ud83d\udeab Nicht geeignet f\u00fcr schwangere Reisende oder Personen mit schweren R\u00fcckenproblemen.<br data-start=\"3187\" data-end=\"3190\" \/>\ud83d\udee1\ufe0f <strong data-start=\"3194\" data-end=\"3220\">Sichere, moderne Ausr\u00fcstung<\/strong> und vollst\u00e4ndige Sicherheitseinweisung inklusive.<br data-start=\"3255\" data-end=\"3258\" \/>\ud83c\udf3f <strong data-start=\"3261\" data-end=\"3295\">Authentisches Naturerlebnis,<\/strong>das Abenteuer und Kultur verbindet.<\/p>\n<\/div>","protected":false},"excerpt":{"rendered":"<p data-start=\"100\" data-end=\"400\">Erleben Sie die Magie der <strong data-start=\"120\" data-end=\"145\">Agafay-W\u00fcste<\/strong> just outside <strong data-start=\"150\" data-end=\"160\">Marrakesch<\/strong> on this exciting day tour. This adventure includes <strong data-start=\"180\" data-end=\"220\">pickup directly from your hotel, riad, or designated meeting point<\/strong> and a comfortable return transfer \u2014 no stress, just enjoy the journey! Explore the rocky landscapes of Agafay on a thrilling <strong data-start=\"250\" data-end=\"270\">quad bike ride<\/strong>, relax with a scenic <strong data-start=\"280\" data-end=\"305\">genie\u00dfen Sie einen Kamelritt<\/strong>, and savor a traditional <strong data-start=\"310\" data-end=\"330\">Moroccan dinner under the stars<\/strong> in a Berber-style camp. End your evening with <strong data-start=\"340\" data-end=\"370\">live music, folk dance, and a fire performance<\/strong>, making this a truly unforgettable Moroccan desert experience.<\/p>","protected":false},"featured_media":12307,"comment_status":"open","ping_status":"closed","template":"","meta":[],"product_brand":[],"product_cat":[],"product_tag":[],"class_list":{"0":"post-12296","1":"product","2":"type-product","3":"status-publish","4":"has-post-thumbnail","6":"tour_phys-river-cruise","7":"pa_destination-marrakech","9":"first","10":"instock","11":"shipping-taxable","12":"purchasable","13":"product-type-tour_phys"},"_links":{"self":[{"href":"https:\/\/moroccodreamvoyage.com\/deutsh\/wp-json\/wp\/v2\/product\/12296","targetHints":{"allow":["GET"]}}],"collection":[{"href":"https:\/\/moroccodreamvoyage.com\/deutsh\/wp-json\/wp\/v2\/product"}],"about":[{"href":"https:\/\/moroccodreamvoyage.com\/deutsh\/wp-json\/wp\/v2\/types\/product"}],"replies":[{"embeddable":true,"href":"https:\/\/moroccodreamvoyage.com\/deutsh\/wp-json\/wp\/v2\/comments?post=12296"}],"wp:featuredmedia":[{"embeddable":true,"href":"https:\/\/moroccodreamvoyage.com\/deutsh\/wp-json\/wp\/v2\/media\/12307"}],"wp:attachment":[{"href":"https:\/\/moroccodreamvoyage.com\/deutsh\/wp-json\/wp\/v2\/media?parent=12296"}],"wp:term":[{"taxonomy":"product_brand","embeddable":true,"href":"https:\/\/moroccodreamvoyage.com\/deutsh\/wp-json\/wp\/v2\/product_brand?post=12296"},{"taxonomy":"product_cat","embeddable":true,"href":"https:\/\/moroccodreamvoyage.com\/deutsh\/wp-json\/wp\/v2\/product_cat?post=12296"},{"taxonomy":"product_tag","embeddable":true,"href":"https:\/\/moroccodreamvoyage.com\/deutsh\/wp-json\/wp\/v2\/product_tag?post=12296"}],"curies":[{"name":"wp","href":"https:\/\/api.w.org\/{rel}","templated":true}]}}